
Let p(f) = -f**3 + 6*f**2 + 9*f - 10. Let d be p(7). Let j = d - -8. What is the tens digit of j?
1
Let t(b) = 2*b - 13. Let d be t(10). Let j(m) = -m**3 - 2*m**2 - m + 1. Let r be j(-2). Suppose 14 = r*v - d. What is the units digit of v?
7
Let g(k) = -k**3 - 6*k**2 - 6*k + 4. Let y = -7 + 1. What is the units digit of g(y)?
0
Let d = 150 + 94. What is the tens digit of d?
4
Let m(z) be the second derivative of -z**4/12 + 5*z**3/3 - z**2 + 4*z. What is the units digit of m(5)?
3
Suppose 0 = -4*o + 9*o - 510. What is the hundreds digit of o?
1
Let v(g) = -2*g**2 + 27*g + 1. What is the tens digit of v(11)?
5
Suppose -512 = -2*y - k, -2*k - 2*k = 2*y - 512. What is the tens digit of y?
5
Suppose -6 = i - 4*r, -3*r + 6 = -0*r. Let t be 1 - (i + -2 - 5). Let y = 13 - t. What is the units digit of y?
7
Let p = 0 - -2. Suppose p*f - 4 + 0 = 0. What is the units digit of f?
2
Suppose -u + 7 + 7 = 0. Let f be -6 - -8*3/6. Let n = u + f. What is the units digit of n?
2
What is the hundreds digit of (4/6 + 0)/((-26)/(-9243))?
2
Let t = -4 + 11. What is the units digit of (27/6)/(t/42)?
7
Let w be 5*((-16)/5 + -2). What is the tens digit of (w/3)/(24/(-36))?
1
Let a(m) = -m**2 + 4*m + 1. Let s be a(6). Let j = s - -15. Suppose 16 = -0*d + j*d. What is the units digit of d?
4
What is the tens digit of 10/(-15)*(-195)/2?
6
Suppose -5*z - 3*c + 21 = 0, -5*c - 45 = -5*z - 0*c. Let f be (-3)/z + 202/(-4). What is the units digit of f/(-9) + 2/6?
6
Let m = 23 - 22. What is the tens digit of m/2*94 - 4?
4
Let t(h) = h**3 + 22*h**2 + 40*h + 38. What is the units digit of t(-20)?
8
Suppose 9*k = -k + 840. What is the units digit of k?
4
Suppose -6*s + 102 = -3*s. What is the tens digit of s?
3
Suppose 2 = v, 3*v + 51 + 36 = n. What is the tens digit of n?
9
What is the tens digit of (13/2 + (4 - 3))*2?
1
Let p(k) = 2*k**2 - 9*k + 1. Let y be p(6). Let w be (7*-1 - -2)/(-1). Suppose -22 = -3*m - m - u, y = w*m - 3*u. What is the units digit of m?
5
Let f(i) = -i**2 + 12*i - 11. What is the tens digit of f(6)?
2
Let o = 1 + 4. What is the units digit of o?
5
Suppose 3*q + 108 = 4*i - q, -2*i + 66 = -5*q. What is the tens digit of i?
2
Let z(n) be the first derivative of -n**2/2 + 11*n + 2. Let o be z(6). Suppose -w + 11 = -3*s + 3, o*w = s + 12. What is the units digit of w?
2
What is the hundreds digit of 1/(1/(-54))*(3 - 5)?
1
Let f = 142 + -114. What is the tens digit of f?
2
Let m(y) = y**3 - y**2 - 3*y - 2. Let w(z) = -z - 6. Let s be w(-5). Let v be 2 + 3/((-3)/s). What is the units digit of m(v)?
7
Suppose 3*r = 15, -2*r - 193 = -4*j + r. What is the tens digit of j?
5
Let s = -30 + 55. What is the units digit of s?
5
Let i = 7 - 9. Let k(n) = -3*n**3 - n**2 + 2*n + 1. What is the tens digit of k(i)?
1
Let j = 5 + 33. Suppose 0 = g, -5*f - 2*g = 3 - j. What is the units digit of f?
7
Let p(h) be the second derivative of h**7/2520 - h**6/360 - h**4/4 - 2*h. Let o(u) be the third derivative of p(u). What is the units digit of o(3)?
3
Suppose 3*n + 12 = 7*n. Suppose -v - 4 = -n*v. What is the units digit of v?
2
Let y be -9*(2 - (1 - 1)). Let t = -5 - y. What is the tens digit of t?
1
Suppose p = -0*p + l + 51, -l + 99 = 2*p. Suppose -g = -2*c + p, 0 = -c - 4*c - 5*g + 110. What is the units digit of c?
4
Let h(o) = -o**3 + 2*o**2 - o. Let z be h(5). Let m = z - -119. What is the units digit of m?
9
Let h = -3 + 122. Suppose -7 = 4*a - h. What is the tens digit of a?
2
Suppose 2*v = 4 + 6. Suppose -n + 0 = -v. Suppose n*i - 87 = -2. What is the units digit of i?
7
Suppose -s = 3*s - 4. Let k(v) be the second derivative of 17*v**3/6 + v**2/2 - v. What is the tens digit of k(s)?
1
Suppose 5*z + 3*g = -68, -2*z - 3*z - 69 = 4*g. Let f = -9 - z. What is the units digit of f?
4
Let p(c) = c**3 + 3*c**2 - c - 3. Let a be p(-3). Let x(j) = -3 + 3*j + 5 - 1 + a. What is the tens digit of x(3)?
1
Let s = 52 - 13. What is the tens digit of s?
3
Let h(w) be the second derivative of -w**4/12 - 3*w**3/2 + 3*w**2 + 7*w. Suppose -5*n - 9 = 4*a + 7, 4 = n. What is the units digit of h(a)?
6
Let q = 22 - 9. What is the tens digit of q?
1
Let y(n) = n**3 + 5*n**2 - 3*n + 1. Let i be y(-3). Suppose -2*d - i = -6*d. What is the units digit of d?
7
Suppose -w + 14 + 36 = 0. What is the units digit of w?
0
Let n(k) = k**3 + 9*k**2 + 8. Let p = 2 - 11. What is the units digit of n(p)?
8
Let i = 65 - 27. Suppose -4*c + i - 10 = 2*s, -47 = -4*s + c. What is the tens digit of s?
1
Let p(n) = n + 18. Let a be p(-13). Suppose a = -2*c - 3*c. What is the units digit of -3 + c/((-2)/44)?
9
Let c(b) = b + 14. Let v be c(-10). Suppose v*y + 0*y = 5*s - 86, 2*y + 36 = 2*s. What is the units digit of s?
4
Suppose 5*k = h + 9, 0 = -k + 3*h + 4 - 5. Suppose 190 = 4*b - k*r + 14, 5*r = 0. What is the units digit of b?
4
Let x be 3/6*2 - -1. Suppose 4*d = 3*z + 42, -5*z + 0 = -d + x. What is the tens digit of d?
1
Let n = 893 - 611. What is the hundreds digit of n?
2
What is the tens digit of -213*2/(-3) - -2?
4
Suppose -2*y + 5*n = -13 - 39, -4*y + 104 = n. Suppose 3*a - a - y = 0. What is the units digit of a?
3
Let r(g) = -6*g + 1. What is the units digit of r(-5)?
1
Suppose b + 233 = 2*o, 10 = -3*o - 2*b + 363. What is the units digit of o?
7
Let d(t) = -t**3 - 20*t**2 + 40*t + 4. What is the tens digit of d(-22)?
9
Let d be (8 - -1) + -2 + 0. Suppose d*t + 7 = -4*f + 4*t, -28 = -4*f + 4*t. What is the units digit of f?
2
Let h(i) = -i**3 + 13*i**2 + 3*i - 28. What is the hundreds digit of h(12)?
1
Suppose 8*a - 3*a = 20. Suppose -3*r - a*p + 32 = -r, p - 35 = -5*r. Suppose n - r + 2 = 0. What is the units digit of n?
4
Suppose 0 = b - j - 15, -5*j = 5*b - j - 39. What is the tens digit of b?
1
Suppose -x = 3*r + 4*x - 21, -3*x = 5*r - 19. Let n = 2 - r. Suppose -5*b + 2*l = -22, n = 3*b + l - 4*l - 6. What is the units digit of b?
6
Let w(a) = a**3 + 11*a**2 + 9*a - 14. Let k be w(-10). Let v(c) = c + 3. Let o be v(k). What is the units digit of -2 + 21 + 0/o?
9
Let i(y) = -3*y. Let u(f) = -10*f. Let k(c) = -7*i(c) + 2*u(c). Let s be k(1). What is the units digit of (-3)/s*7/(-21)?
1
Let o = 0 + 3. Let z be ((-6)/(-9))/(1/o). Suppose -s + 3*k = -0*s + 6, 0 = z*s - k - 13. What is the units digit of s?
9
Let o = -42 + 67. Let b = 26 - o. What is the units digit of b?
1
Let q = -330 + 462. What is the hundreds digit of q?
1
Let m be 2/(27/30 - 1). What is the units digit of (-19)/(-3) + m/(-30)?
7
Let n(c) = 11*c + 4. Let q(i) = -22*i - 7. Let a(o) = -5*n(o) - 3*q(o). What is the tens digit of a(1)?
1
Suppose 3*o - 970 = -2*u, -7 - 3 = -2*u. What is the units digit of o?
0
Let h(q) = 10*q - 8. What is the tens digit of h(4)?
3
Suppose -159 - 91 = -5*a. What is the units digit of a?
0
Let k = -3 + 63. What is the units digit of k?
0
What is the units digit of 326/4*(-6 - -3 - -5)?
3
Let t = 59 + -27. What is the tens digit of t?
3
Let i(x) = -x**2 + x + 1. Let c be i(2). Let u = 22 + -46. What is the tens digit of ((-2)/(-4))/(c/u)?
1
Suppose 5*m = -5*d - 1 + 6, -17 = -3*m + 4*d. Let o(p) = -p**3 + 4*p**2 - 4*p + 4. Let n be o(m). What is the units digit of (-81)/(-12) + n/4?
7
Let g(j) = -j + 10. Let v be g(5). Suppose v*c - 3 - 32 = 0. What is the units digit of c?
7
Let f(m) be the third derivative of m**5/60 - m**4/24 + 7*m**3/6 - 5*m**2. What is the tens digit of f(5)?
2
Let b(v) = v**2 + 7*v + 11. Let j be b(-8). Let y = 30 - j. What is the units digit of y?
1
Suppose m = 5 + 1. What is the units digit of m?
6
Let n(g) = -2*g - 6. What is the units digit of n(-7)?
8
Let i = -48 + 94. Suppose -4*s + 24 = -2*y, 0 = -s - 2*y + 1. Suppose 44 = s*l - i. What is the units digit of l?
8
Suppose -4*t - t + a + 98 = 0, 16 = t - 2*a. Suppose 3*l = 5*l - 4*x, t = l + 3*x. Let u = l + -5. What is the units digit of u?
3
Let u = -129 - -218. What is the units digit of u?
9
Let r = -30 + 50. What is the tens digit of r?
2
Let v(b) = b**3 + 14*b**2 - 18*b - 24. What is the tens digit of v(-15)?
2
What is the units digit of (2 + 78/(-4))*-2?
5
Suppose 3*j + 3 = s, -s + 6 = j + 3. Let k = 8 - j. What is the units digit of k?
8
Let w be ((-42)/(-3))/(-1 - -2). Suppose w - 4 = 5*a. Suppose 2*v + 2*x - 6 = 0, a*v - 6*v + 4 = -4*x. What is the units digit of v?
2
Let y be ((-31)/(-2))/(4/16). Suppose -2*